*z - 70 - 24 = 0. What is the remainder when z is divided by n(5)?
15
Let y(z) = 2*z**3 - z**2 + 2*z + 10. What is the remainder when y(5) is divided by 31?
28
Suppose 0 = -0*d - 5*d + 100. Calculate the remainder when d is divided by 0/(-1 + 2) + 11.
9
Let m be -5*((-27)/(-15) + -1). Let p = -1 - m. Calculate the remainder when 2 is divided by (p/6)/(1/2).
0
Suppose -92 = -4*l + l + 2*h, -2*l + 5*h = -65. Calculate the remainder when 87 is divided by l.
27
What is the remainder when 85 is divided by (2*2 - (-21)/1) + 4?
27
Let g(w) = 6*w**2 + 7. What is the remainder when g(-3) is divided by 32?
29
Let z(h) = 3*h - 14. What is the remainder when 207 is divided by z(9)?
12
Let p = 84 + -73. Suppose 3*s = 8*s - 35. Let g(f) = f**3 - 6*f**2 - 3*f + 4. What is the remainder when g(s) is divided by p?
10
Let u(t) = t**2 - 2*t + 2. Let d be u(2). Suppose -4*z = r + 10 - 1, 18 = d*r - z. What is the remainder when 18 is divided by r?
4
Let w = 80 - -26. What is the remainder when w is divided by 27?
25
Calculate the remainder when 12/(-16) - 78/(-8) is divided by 3.
0
Let g be 1/(2/(-16)*-2). Suppose 2*o - d - 14 - g = 0, -4*d = 4*o - 48. Calculate the remainder when o is divided by -2*2/(-8)*8.
2
Suppose 6*n - 3*n = 5*b + 124, 2*n - 85 = b. Calculate the remainder when n is divided by 9.
7
Let t(g) = -g**2 - 6*g + 4. Let m be (10/8)/((-3)/12). Let p(c) = -c**2 - 10*c - 1. What is the remainder when p(m) is divided by t(-3)?
11
Let g be (-15)/(-10)*(-4)/6. Let w be (50/(-1))/(g + 0). Suppose -w + 4 = -2*t - 2*d, 5*t - 150 = 2*d. Calculate the remainder when t is divided by 15.
13
Let n(h) = -79*h**3 + h**2 + h. What is the remainder when n(-1) is divided by 20?
19
Suppose -s - 3*s + 76 = 0. What is the remainder when 53 is divided by s?
15
Let r = 3 + 10. Suppose 2*z + v - 11 = 0, z + 18 + 4 = 5*v. Suppose -h = z*h - 28. Calculate the remainder when r is divided by h.
6
Suppose j = 3 + 7. Let c(h) be the first derivative of h**3/3 + h**2/2 + 4*h - 2. What is the remainder when j is divided by c(0)?
2
Let h = 14 + -25. Let d be (-2 + 2 - 0) + 2. What is the remainder when -1 - (d - 0)*h is divided by 11?
10
Suppose 3*j - 2*x + 5*x - 24 = 0, -16 = -2*j - 5*x. Let i(r) = -r**2 + 2. Let v be i(-3). Let t = -2 - v. Calculate the remainder when j is divided by t.
3
Suppose -2*r + 6*r = 0. Let l(a) = -a**2 + a + 2. Let i be l(r). Suppose -z = 2*v - 6*z - 59, -i*v + z = -47. Calculate the remainder when v is divided by 12.
10
Suppose 71 + 28 = 9*u. Let k(f) = 3*f. What is the remainder when u is divided by k(2)?
5
Let a = 10 - 4. Let l be ((-4)/a)/(2/(-6)). Suppose -v = 0, l*m = 2*v - 0*v + 16. What is the remainder when 23 is divided by m?
7
Let n = 5 - 2. Suppose 2*y + n*y - 185 = 0. What is the remainder when y is divided by 19?
18
Let d(s) = 3*s**2 - s - 5. Calculate the remainder when d(-5) is divided by 19.
18
Let g(y) = -y + 7. Let n be g(5). Suppose -2*l = 3*k - 99, 0*k = -n*l + 2*k + 124. Calculate the remainder when l is divided by 15.
12
Let k be ((-90)/3)/((-6)/4). Let v = k + -7. What is the remainder when v is divided by 8?
5
Suppose -2*t + 100 = -0*t. What is the remainder when t is divided by 17?
16
Suppose 10*k = 659 + 711. Calculate the remainder when k is divided by 35.
32
Let t(c) = -9*c - 10. Calculate the remainder when t(-9) is divided by ((-72)/10)/((-3)/10).
23
Let i = 2 + 117. Calculate the remainder when i is divided by 40.
39
Suppose -5*a - 25 = 0, -3*a - 4 = 5*o + 1. Let s be o + 1 - (23 + 2). Let r = -12 - s. What is the remainder when 27 is divided by r?
7
Let k be ((-98)/6)/(2/6). Let a = -35 - k. What is the remainder when 26 is divided by a?
12
Calculate the remainder when 2/(-17) - 2676/(-204) is divided by 9.
4
Let o be (-1 - 61/5)*-5. Calculate the remainder when 31 is divided by ((-3)/9)/((-2)/o).
9
Let g(z) = -z**2 - 4*z + 2. Let c be g(-5). Let b = c - -4. Let w = 24 - b. Calculate the remainder when 67 is divided by w.
21
Let u = -30 + 44. Suppose -3*v = -0*v - 123. Calculate the remainder when v is divided by u.
13
Let j be 0 + 2 + (-522)/(-3). Let f = 12 - 8. Suppose 32 = f*q - j. What is the remainder when q is divided by 18?
16
Let r = -8 - -13. Calculate the remainder when 13 is divided by r.
3
Let h(g) = -g**3 - 6*g**2 - 7*g - 16. What is the remainder when 100 is divided by h(-6)?
22
Let y be (11 - 9)*2/1. Suppose -5*k - 76 + 19 = -s, -y*s + 3*k + 143 = 0. Calculate the remainder when s is divided by 17.
15
What is the remainder when 2/1 - (4 + -17) is divided by 8?
7
Let m = 31 - 16. Calculate the remainder when 28 is divided by m.
13
Let a = -11 + 18. Let q(t) = 2*t**2 - 9*t - 9. Let p be q(a). Calculate the remainder when 20 is divided by p/(-4)*-2 - 2.
9
Let t(r) = 9*r**2 - 2*r - 3. Calculate the remainder when 73 is divided by t(-2).
36
Let g = -18 - -27. Let x(b) = b**3 - 3*b - 1. Calculate the remainder when x(3) is divided by g.
8
Let d(u) = 4*u**2 + u. Let c be d(1). Calculate the remainder when 34 is divided by -5*(-9)/c*2.
16
Let o(j) = 12*j - 1. Let q be o(1). Suppose q + 19 = 5*i. Calculate the remainder when 10 is divided by i.
4
Let l be (1 - -1)*(15 + -14). Calculate the remainder when ((-48)/(-40))/(l/115) is divided by 18.
15
Suppose 0*d - 12 = -2*d. Let k be (-46)/6 + 2/(-6). Let j = 12 + k. What is the remainder when d is divided by j?
2
Let j(k) = k**3 - 6*k**2 + 7*k - 23. What is the remainder when j(7) is divided by 19?
18
Let y(d) = -d**3 + 8*d**2 - 7*d - 4. Let h be y(7). Let t(o) = -o. Let z(k) = -k**3 - 3*k**2 + 5*k + 6. What is the remainder when t(h) is divided by z(-4)?
0
Suppose 22 + 13 = x. Suppose 4*b - 64 = -q - 5, 63 = q + 5*b. Let z = -25 + q. Calculate the remainder when x is divided by z.
17
Let r(s) = s. Let d be r(0). Suppose d = -5*t + 8 + 2. Suppose 0 = -t*g - 3*l - 2*l - 9, -35 = -5*g - l. What is the remainder when 22 is divided by g?
6
Suppose 0 = 3*y - 8*y + 60. What is the remainder when 58 is divided by y?
10
Suppose -4*v + 24 = -0*v. Suppose 69 = 3*p - 3*n, -p = 2*p + 3*n - 57. Calculate the remainder when p is divided by v.
3
Suppose -5*g = -90 - 45. Calculate the remainder when g is divided by 14.
13
Let j be 4/(-26) + (-60)/(-52). Let m = 19 - j. What is the remainder when 33 is divided by m?
15
Suppose z + 18 = 2*k + 2*z, -z = k - 10. Suppose -3*p - 192 = -4*o - p, -2*p - k = 0. Suppose 5*f - 119 = o. Calculate the remainder when f is divided by 17.
16
Let v = 1 + 1. Suppose v*l = -5*a + 20, -5*a - l + 3*l = 0. Suppose -5*n = -2*n + 3*u - 63, 4*u - 52 = -a*n. What is the remainder when 31 is divided by n?
15
Let q = 6 - 3. Suppose v - q = 4*v, 72 = 2*n + 4*v. What is the remainder when n is divided by 10?
8
Calculate the remainder when (-387)/(-21) - 9*3/63 is divided by 4.
2
Suppose 0 = 3*z - 13 + 1. Suppose 3*x - 39 = -0*x. What is the remainder when x is divided by z?
1
Suppose -2*w + 12 = 2*u + 2*w, u + 2 = 2*w. Suppose -f + 12 = u*f. Suppose 4 + 44 = f*g. Calculate the remainder when g is divided by 7.
5
Suppose 7 = j + 2*p - p, 3*j - 2*p = 46. Let f(z) = -z**2 + z + 33. Calculate the remainder when f(0) is divided by j.
9
Suppose 3*z = 5*z - 22. Suppose d - n + z = 0, 3*d - n = -2*n - 13. Calculate the remainder when (-1)/3 + (-212)/d is divided by 12.
11
Suppose -2*q + 2 = -2. Suppose p = -5*y + 20, -q*y + y = -4*p - 4. Let d(g) = -g**3 - g**2 - g + 52. What is the remainder when d(p) is divided by 18?
16
Let i(x) = 2*x + 5. Suppose 11 = 5*f - 9. Let s(m) = 8*m + 4. What is the remainder when s(f) is divided by i(4)?
10
Suppose 0 = -4*u - k + 65, -4*u = 5*k - 13 - 40. What is the remainder when 30 is divided by u?
13
Suppose 20*j - 60 = 15*j. Let x be (-12)/(1 + 1) - -1. Let q(z) = z**3 + 5*z**2 - 2*z - 5. What is the remainder when j is divided by q(x)?
2
Let o(m) = 5*m. Let j(c) = -2*c + 89. Calculate the remainder when j(31) is divided by o(3).
12
Suppose -2*k = 4*h - 54, 11 = h + k + 2*k. Let s(c) = -22*c - 3. Calculate the remainder when s(-2) is divided by h.
13
Let s = -25 - -47. Calculate the remainder when s is divided by 5.
2
Suppose 5*o - 164 + 29 = 0. Suppose -2*s = -4*b - 27 + 79, -5*s = -3*b + 32. What is the remainder when o is divided by b?
13
Suppose 5*w + 19 = i, 2*w + 10 = 4*i - 66. Let p(z) = 3*z**3 + 3*z**2 - 2*z + 3. What is